 factor of y and 6.
6
Let r be 140 + -3 + 2 + 5. What is the greatest common factor of 18 and r?
18
Let o be ((1134/(-3))/(-3))/1. What is the highest common factor of o and 14?
14
Let v = -186 + 270. What is the greatest common factor of v and 56?
28
Let m = -6 + 22. Calculate the highest common divisor of m and 144.
16
Let q be -4 + 6 + -3 - 1*-166. Let j = 21 + -6. Calculate the greatest common factor of j and q.
15
Suppose 4*g + 4*m + 0*m - 80 = 0, 26 = g - 5*m. Let f = 374 + -206. Calculate the greatest common divisor of g and f.
21
Suppose -o + 5*o - 5*j = 0, 0 = -2*o - 2*j. Let u be 3 + (1 - -2) + o. Calculate the greatest common divisor of u and 15.
3
Let w(m) = -m + 3 + 13*m**3 - 2 + 0*m. Let f be w(1). Calculate the greatest common divisor of 39 and f.
13
Let v be 54/2*(-1 + 2). Calculate the greatest common divisor of v and 18.
9
Let k be (1 - -107)*(-18)/(-27). What is the greatest common factor of 180 and k?
36
Suppose 3*v - 26 = -8. Let q(l) = l**3 - 4*l**2 + 3*l + 3. Let h be q(3). Let y be ((-2)/(-2))/(h/v). What is the highest common divisor of y and 22?
2
Let v = 0 - -2. Suppose v*o + 2*k - 28 = 0, o - k + 23 = 3*o. Suppose 3*l - 8 - 64 = -3*d, 3*d = -9. Calculate the highest common factor of l and o.
9
Suppose -2*i = -0*i - 84. Suppose 2*f + 0*f = i. Suppose 0*d + 4*d = 56. What is the greatest common factor of d and f?
7
Suppose -3*s = -8*s + f + 281, 277 = 5*s + 3*f. Suppose 0 = -r + 3 + 4. Calculate the greatest common factor of r and s.
7
Let h(t) = 96*t - 5. Let i be h(2). Calculate the highest common factor of 17 and i.
17
Suppose 0 = 4*c + 3*k - 88, 2*k - 3*k = -4*c + 88. What is the greatest common divisor of c and 11?
11
Let i = 170 + -29. Suppose -i = -u + 145. What is the greatest common divisor of 26 and u?
26
Suppose 107 = -4*s - 3*c, -15 = s + 5*c + 16. Let a = 53 + s. What is the greatest common divisor of a and 3?
3
Let r be (4/(-6))/(3/(-9)). Let k = 5 + r. Suppose b - 6 - 8 = 0. Calculate the greatest common factor of k and b.
7
Suppose 0 = 2*n + 9 - 27. Let v be 24/n*(-3)/(-2). Suppose -7*z + v*z = -18. What is the highest common divisor of z and 6?
6
Let q be 46/11 + (-4)/22. What is the highest common factor of q and 8?
4
Let f(l) = 2*l + 2. Let j be f(8). Let p be (-1 - -4)*552/j. Suppose -6*h - m = -4*h - 100, -2*h + m = -p. What is the greatest common divisor of 8 and h?
8
Suppose -u + 1 = -2. Let d(v) = -6*v**2 + 0*v**3 + 2*v**u - 3 - 7*v - 3*v**3. Let w be d(-5). Calculate the highest common divisor of w and 14.
7
Let l be (30/9*3)/1. Suppose -3*u + 6*u + 271 = -m, -2*u - 170 = -2*m. Let b = -19 - u. What is the greatest common divisor of l and b?
10
Let d = 2 + 0. Suppose -5*o + d*o + 51 = 0. Suppose -43 - o = -3*z. Calculate the greatest common factor of z and 8.
4
Let o(t) = 3*t + 2. Let f be o(6). Let n(l) = -l**2 - 6*l + 9. Let a be n(-7). Suppose 0 = -a*p + 42 + 58. Calculate the greatest common factor of f and p.
10
Suppose 5*o + 3*z - 37 = 0, 0 = 2*o - 5*o + 4*z - 1. Suppose -5*l - 2 = -2*i - 52, 5*i - 50 = -o*l. What is the greatest common divisor of 1 and l?
1
Suppose 6 = 6*x - 36. Let o be 2/(6 + -2 - 2). What is the highest common divisor of o and x?
1
Let n be (86/6)/(2/(-6)). Let c = n - -62. Suppose -3*u + 14 = -c. Calculate the greatest common factor of u and 77.
11
Suppose 5*f = -20, -b + 3*b + 5*f - 6 = 0. Calculate the greatest common factor of 1 and b.
1
Let p be (-176)/20 - 1/5. Let x be 3/p + (-20)/(-6). Let k(d) = 5*d**2 + d. Let c be k(x). Calculate the highest common factor of c and 6.
6
Let h = -10 - -53. Let b = -29 + h. Calculate the highest common divisor of b and 42.
14
Let m = -110 + 73. Let p be 4*1 + (-13 - m). What is the highest common divisor of 112 and p?
28
Let z be (-24)/(-2)*(-105)/(-6). Suppose -c = -s - 48, z = 4*c + c + 5*s. Calculate the greatest common divisor of c and 9.
9
Suppose 16 = -2*s + 6*s. Suppose s*w = 30 + 30. Let z = -16 + 21. Calculate the highest common factor of w and z.
5
Let m(w) = 12*w**2 + 5*w - 3. Let p be m(-3). Calculate the highest common divisor of 36 and p.
18
Let m = -16 + 34. Let j(l) = 5*l**3 - 2*l**2 - 4*l - 4. Let q be j(-3). Let v = q + 217. What is the highest common divisor of m and v?
18
Let h be 30 - 27 - (-15 - 2/(-2)). Let f = -8 - -59. Calculate the greatest common divisor of h and f.
17
Let d = 34 - 12. Calculate the highest common factor of 55 and d.
11
Let n(w) = -w**2 + 3*w + 9. Let j be n(4). Let q be (3/(-9))/(1/(-3)). Calculate the highest common factor of j and q.
1
Let b(w) = 2*w**2 - 3*w - 4. Let v be b(3). Calculate the greatest common factor of v and 35.
5
Let i = 26 + 7. Let u be ((-6)/(-4))/(6/88). Calculate the highest common factor of i and u.
11
Let y be 1 + 4/(-16) + (-58)/(-8). What is the highest common divisor of y and 104?
8
Let x be ((-1 + 1)/(-1))/(-3). Let y(b) = b + 20. Let w be y(x). Suppose 3*p = 8*p - 40. What is the greatest common divisor of w and p?
4
Let t = -5 - 0. Let f be (3/(-5) + 1)*t. Let k be ((-2)/f)/(1/15). What is the greatest common factor of k and 6?
3
Suppose 161 = 5*z + 3*g, -2*g + 92 = 3*z - 4. What is the highest common divisor of 68 and z?
34
Let q(s) = s**3 - 3*s**2 - 5*s - 1. Let g be q(5). What is the greatest common divisor of 8 and g?
8
Let l(a) be the first derivative of -3*a**2 - 5*a - 1. Let u be l(-5). What is the highest common divisor of u and 50?
25
Let l = 40 + -17. Calculate the greatest common divisor of l and 207.
23
Let p(t) = -2*t - 1. Let i be p(-3). What is the highest common factor of 15 and i?
5
Let x(l) = -l**3 - 4*l**2 + 3. Suppose 3*i = 2*j + 23, -j - 4*i - i = -21. Let m be x(j). What is the greatest common factor of 6 and m?
3
Suppose 4*a - 9*a = -175. Suppose -5*d = 2*x + 48, 0 = -3*d - 0*x + 5*x - a. Let j be 80/6*(-12)/d. Calculate the greatest common divisor of 64 and j.
16
Let g = -54 + 62. Calculate the highest common divisor of g and 4.
4
Let z(d) = -d**3 + 6*d**2 - d - 7. Let o be z(5). Let b = -11 - -13. Suppose 0 = -b*l - 2 + 28. What is the greatest common factor of l and o?
13
Suppose 0 = r - 2*i - 52, r - 4*r + 138 = 3*i. Calculate the highest common divisor of 80 and r.
16
Let n(h) = 2*h**2 - 5*h - 6. Let y(m) = m**2 - 5*m - 7. Let z(s) = 2*n(s) - 3*y(s). Let q be z(-6). Calculate the highest common divisor of 120 and q.
15
Suppose -51 - 261 = -13*p. What is the highest common factor of 36 and p?
12
Let p(l) = -l**3 - l**2 + 3. Let q be p(0). Let g be 9/(-27) + (-8)/q. Let f = -1 - g. What is the highest common factor of f and 16?
2
Let l(s) = 32*s + 3. Let u(h) = h**2 - 7*h + 6. Let d be u(6). Suppose d = n - 4*n + 9. Let p be l(n). What is the greatest common divisor of p and 9?
9
Suppose 3*y = 9*y - 108. Calculate the highest common divisor of y and 198.
18
Suppose -4*t + 0*r = 4*r - 36, t = 4*r + 19. Let j be 2/4 - t/(-2). Suppose j*u - 36 = 2*u. What is the highest common factor of u and 72?
9
Suppose 3*n - 73 = 26. Calculate the highest common factor of 22 and n.
11
Let k(q) = -q - 6. Let n be k(-6). Suppose n*w - 30 = -5*w. Calculate the highest common divisor of w and 3.
3
Let y(z) = z**3 - 6*z**2 - 11*z + 5. Let l be y(8). Let f = -1 + 1. Let u be 6*(6/4 + f). What is the highest common factor of l and u?
9
Let i = 14 - 10. Let h be 42/2*2 + 2. What is the highest common divisor of i and h?
4
Let m be (-2)/13 + (-93)/(-13). What is the highest common divisor of 63 and m?
7
Let v(i) = i**2 - 2*i - 3. Let s be v(-2). Suppose g - 8 = -s*u + 2*u, -3*u - 24 = -3*g. Let f = 5 + g. What is the greatest common factor of f and 91?
13
Let q(x) = 43*x**2 + 3*x + 2. Let f be q(-2). What is the greatest common divisor of 21 and f?
21
Suppose 0 = -3*d - 4*t + 38, -13*d - 4*t - 12 = -15*d. Let w = 57 + -17. Calculate the greatest common factor of w and d.
10
Suppose -g - 3*c - 178 = -46, 0 = -g + 3*c - 144. Let h be 3/(g/(-45) + -3). Calculate the highest common factor of h and 5.
5
Suppose 0 = 4*q - 2 - 2, -2*q = -5*f + 208. Let j(w) = w + 14. Let y be j(-8). What is the greatest common factor of f and y?
6
Let w(s) = s + 6. Let n be w(-4). Suppose -6 = -4*o + n. Suppose -2*c = -o*v + 28, 4*v + 3*c - 2*c = 31. Calculate the highest common factor of 3 and v.
3
Suppose 4 = 3*q + y - 5, -y = -3. Suppose -454 = -q*c - 34. Let k be (